116, 0 = -5*b + 2*b + s - 174. Calculate the remainder when j is divided by 4/10 - b/5.
11
Let r = 160 - 95. Calculate the remainder when r is divided by 22.
21
Suppose -16 + 70 = z. What is the remainder when z is divided by (-3)/5 + (-146)/(-10)?
12
Let a(i) = 0*i - 100*i**3 + 7 + 2*i + 101*i**3. Calculate the remainder when 27 is divided by a(0).
6
Let a = 88 + -52. Calculate the remainder when 94 is divided by a.
22
Let k = -9 - -12. Calculate the remainder when 2*-1 - 220/(-4) is divided by 15 - k/(3/1).
11
Suppose 4*r + 12 = 0, 4*n + 4*r - 30 = 134. Suppose 68 - 8 = 4*m. What is the remainder when n is divided by m?
14
Let f(c) = -c + 5. What is the remainder when 9 is divided by f(2)?
0
Suppose 0 = -5*l + l + 24. Let n(j) = 2*j**2 - 4*j - 6. Calculate the remainder when n(l) is divided by 15.
12
Let q be (-78)/9*9/(-2). Suppose 2*d = 5*d - q. Let f = 30 - -7. Calculate the remainder when f is divided by d.
11
Suppose 0 = -5*a - 5. Let x = -20 - -39. What is the remainder when 1 + a + (37 - 1) is divided by x?
17
Suppose 476 = 4*r + 136. Calculate the remainder when r is divided by 22.
19
Suppose -5*s - 215 = -5*b, -86 = -0*b - 2*b - 2*s. Calculate the remainder when b is divided by 5.
3
Calculate the remainder when -3 - (4 + 3*-13) is divided by 7.
4
Calculate the remainder when 9 + 4/(-4) - -3 is divided by 3.
2
Let a = 3 + -5. What is the remainder when 2*(53/2 + a) is divided by 17?
15
Let m(r) = -r**3 - 6*r**2 - 7*r - 7. Let f be m(-5). Suppose 49 = f*j + 5*p, 15 = 4*j + 5*p - 42. What is the remainder when 180/j - 2/(-4) is divided by 8?
7
Suppose 3*f + 6*f - 261 = 0. Calculate the remainder when 85 is divided by f.
27
What is the remainder when 48 is divided by 204/(-18)*(-6)/4?
14
Let i(j) = 5*j**2 - 5*j + 6. What is the remainder when i(4) is divided by 17?
15
Suppose 0 = -x + 23 - 12. Calculate the remainder when 54 is divided by x.
10
Suppose -w + 5 = t, -t + 5 = -6*w + 3*w. Suppose t*h + 33 = 138. What is the remainder when h is divided by 12?
9
Suppose -67 - 5 = -4*l. Let r(g) = -g**3 - 8*g**2 - 6*g + 4. Let j(b) = -b**2 + b - 2. Let y be j(3). Calculate the remainder when r(y) is divided by l.
16
Let z(y) = -59*y + 3. What is the remainder when z(-1) is divided by 21?
20
Suppose -5*d = -n - 176, -99 - 73 = -5*d - 3*n. Let a = 28 - 45. Let w = 29 + a. What is the remainder when d is divided by w?
11
Let c(t) = t**3 - 14*t**2 - 11*t - 14. What is the remainder when 183 is divided by c(15)?
45
Suppose -l + 20 = 2*d, l = 5*d - 3 + 2. What is the remainder when l is divided by 5?
4
Let p(w) = w**3 - 4*w**2 - 7*w - 3. What is the remainder when p(7) is divided by 24?
23
Let d(y) = y**2 + y + 9. Calculate the remainder when 61 is divided by d(-4).
19
Suppose -5*s + 12 = 2. Let m be s/(-4) + 735/14. Suppose m - 12 = 5*d. What is the remainder when 30 is divided by d?
6
Suppose t + 3 = -4*r, -2*r + 16 - 77 = -3*t. Let z = t - -6. Let w = 543 + -498. What is the remainder when w is divided by z?
22
Let k(r) = -48*r + 1. Let y be k(-1). Let q(u) = -u**2 - 7*u - 4. Let g be q(-9). Let j = y + g. Calculate the remainder when j is divided by 15.
12
Let p(s) = -2*s + 7. Let m be p(5). Let c = 3 - m. What is the remainder when 15 is divided by c?
3
Let p = -43 + 63. Let y be (-21)/(1/2*-2). Suppose -6*s + 3*s + y = 0. What is the remainder when p is divided by s?
6
Let g = 5 + -5. Calculate the remainder when 14 is divided by (-2 - -9) + -2 - g.
4
Let t(j) = 2*j + 5. Calculate the remainder when t(14) is divided by 28.
5
Suppose -5*h + 3*p - 2 = 0, 0 = 2*h - 2*p + 1 + 3. Suppose 219 = 5*f + 2*k, h*f = k - 0*k + 84. Let z = 21 - 10. Calculate the remainder when f is divided by z.
10
Let k = -9 + 26. What is the remainder when k is divided by 10?
7
Suppose -5*i - 49 = s - 120, -3*s - 3*i = -273. What is the remainder when s is divided by 9?
6
Let z be (1 + -2)*0/(-2). Suppose k - 3*k + 52 = -x, z = 2*k + 5*x - 64. What is the remainder when k is divided by 14?
13
What is the remainder when (9/(-6))/(18/(-120)) is divided by 6?
4
Let v = 144 - 128. Calculate the remainder when 58 is divided by v.
10
Let t(g) = -g - 1. Let w be t(-1). Let f be 1*(0 + -1)*w. Suppose 4*v - 3*s - 114 = f, -2*v - 5*s - 91 = -5*v. Calculate the remainder when v is divided by 14.
13
Let h = -13 + 65. Suppose 3*p - h = p. What is the remainder when p is divided by 9?
8
Let z = 6 + -5. What is the remainder when -1 - (-198)/(z + 2) is divided by (-1)/(-6) + 404/24?
14
What is the remainder when 28 is divided by (6/4)/((-2)/(-20))?
13
Let p = -110 + 118. Calculate the remainder when 20 is divided by p.
4
Let o = 123 + -80. Calculate the remainder when o is divided by 15.
13
Suppose 4*v - 3*v = 23. Calculate the remainder when v is divided by 8.
7
Suppose -2*u - 23 = -j, -j - 1 = 3*u + 1. Let n be (1 - 3) + (-4)/(-2). Suppose -m - 2*m + 150 = n. What is the remainder when m is divided by j?
11
Let g(b) = -b**3 - 7*b**2 + b + 10. Let d be g(-7). Let j be 75/10*(-4)/d. What is the remainder when 5 is divided by 10/4*(-8)/j?
1
Suppose -2*b + b = -10. Suppose 0 = z + 5 - 2. Calculate the remainder when (-38)/6*z*1 is divided by b.
9
Let s(n) = 3*n**2 + 6. Calculate the remainder when s(3) is divided by (0 - -4)*9/2.
15
Let o be (-10)/12*(-2 + -4). Suppose 2*j - 8 = 5*a - 82, -2*a + 47 = o*j. What is the remainder when 61 is divided by a?
13
Let v = 13 + -20. Let m = 38 - v. Let s(b) = -17*b**3 - 1. What is the remainder when m is divided by s(-1)?
13
Let g be ((-6)/7)/((-1)/(-112)). Let x = g + 134. Calculate the remainder when x is divided by 13.
12
Suppose -50 = -5*l + 5*s, 0*l + 20 = 2*l - 5*s. What is the remainder when 38 is divided by l?
8
Suppose -20 = -4*j - 2*u, j - 6*j + 31 = u. Calculate the remainder when 27 is divided by j.
6
Let f be -4*(-14)/4 - 1. Suppose 3*d = -2*h + 8*d - 11, 2*h = -5*d - 21. Let j = f + h. What is the remainder when 7 is divided by j?
2
Suppose 0 = -2*s - 6, 0*o - s - 50 = -o. Calculate the remainder when o is divided by 13.
8
Suppose -5*w + 7*w = -4. What is the remainder when 6/w - -15 - -3 is divided by 6?
3
Let t(h) = -19*h. Let c(i) = -39*i. Let y(p) = -2*c(p) + 5*t(p). What is the remainder when y(-2) is divided by 12?
10
Suppose 3*d + q = -2, -2*d - 2 - 2 = 2*q. Suppose d*z + 3*z = 30. Calculate the remainder when z is divided by (-6)/(-2) + 5 + -4.
2
Let p = 13 + -5. What is the remainder when 26 is divided by p?
2
Suppose 3*w = -2*m, 5*w + 9 = -2*m + 1. Let j be 3/(2 + -5) - 2. What is the remainder when m is divided by 8/6*j/(-1)?
2
Let r be (-9 + 15)*1/3. Suppose 3*g + r*g = 85. What is the remainder when g is divided by 10?
7
Let t = 5 + 16. What is the remainder when t is divided by 11?
10
Let q = -24 + 32. Calculate the remainder when 30 is divided by q.
6
Suppose 0 = -5*x + 2*x - l + 122, -2*x + 3*l = -63. Let c = x - 27. Calculate the remainder when c is divided by 7.
5
Suppose -4*n = -n - 3*j - 12, -4*n - 5*j + 25 = 0. What is the remainder when 8/(-5)*(-5)/1 is divided by n?
3
Suppose 0 = t - 5*t + 292. Calculate the remainder when t is divided by ((-20)/(-6))/((-8)/(-60)).
23
Suppose -c + 4 = -2*c. Let k(j) = -3*j + 5. Let u be k(c). Let r = u - 10. Calculate the remainder when r is divided by 3.
1
Suppose -4*o = -4 - 0. Let r = 4 - o. What is the remainder when 7 is divided by r?
1
Let k(z) = -z**3 + 2*z**2 - z. Let y(x) = 70*x**2 - 2*x + 1. Let u be y(1). Suppose -239 = -5*m - u. What is the remainder when m is divided by k(-2)?
16
Let n(g) = -28*g + 6. What is the remainder when n(-4) is divided by 8?
6
Let b be (30/(-25))/(4/(-10)). Suppose -74 = -4*q + b*q. Suppose -3*t + 4*x = -46, 5*t = 2*x + 2*x + q. What is the remainder when t is divided by 8?
6
Let m(b) = 2*b**2 - 2*b + 1. Let f = 3 + -2. Let l(z) = -z**3 + 6*z**2 + 5*z + 15. Calculate the remainder when l(7) is divided by m(f).
0
Let y = 16 - 7. Suppose -4*n - 8*w + 28 = -4*w, 4*n - 10 = 2*w. Suppose 16 = 4*k - n. What is the remainder when y is divided by k?
4
Suppose -375 = -7*k + 2*k - 4*x, -75 = -k - 5*x. Calculate the remainder when k is divided by 10.
5
Let o(r) = 3*r - 3. What is the remainder when 11 + (1*-4 - -1) is divided by o(2)?
2
Let s = 9 + 8. Let v(m) = 5*m + 36. Calculate the remainder when s is divided by v(-6).
5
Let d(a) = -2*a**3 - 